 = 4*z - 5*d, -105 = -5*z + 4*d. Suppose 0*r + 5*r = 100. Suppose 0 = -0*g + 4*g - j - z, 2*j - r = -2*g. List the prime factors of g.
7
Suppose -18 = -n - n. What are the prime factors of n?
3
Let u = -13 - -4. Let c(x) = -x + 10. Let v be c(8). Let q = v - u. What are the prime factors of q?
11
Let c = 9 - 2. Suppose c = 5*y - 3*n, 0 = -4*n + 1 + 3. List the prime factors of y.
2
Let n = -12 + 49. What are the prime factors of n?
37
Let j(k) = -k + 39. What are the prime factors of j(23)?
2
Let u(w) = -w**3 - 4*w**2. Let i be u(-4). Let j(p) = -p**2 - 2*p - p + 5*p + 11 - 3*p. What are the prime factors of j(i)?
11
Suppose 0 = -4*t + 5*h + 27 + 6, -t - 3 = h. Suppose 3*r - 165 = -t*r. Let s = r + -13. What are the prime factors of s?
2, 5
Suppose -6*w + 256 + 2126 = 0. What are the prime factors of w?
397
Let u = -112 - -267. List the prime factors of u.
5, 31
Let o(h) = h - 2. Let l be o(-4). What are the prime factors of ((-40)/l)/(1/3)?
2, 5
Suppose -2*t + 0*t = -3*y - 277, 0 = 2*y - 10. List the prime factors of t.
2, 73
Suppose 0 = -4*q + 31 - 3. Let n be q/2 + 3/(-6). Suppose n*o = -0*o + 24. What are the prime factors of o?
2
Suppose -2*a = a - 213. List the prime factors of a.
71
Let d = 82 - 54. List the prime factors of d.
2, 7
Let h(l) = -l**2 + 5 + 0*l - 7 - l. Let w be h(0). What are the prime factors of w/5 + (-12)/(-5)?
2
Suppose -2*i + u + 5 = 0, -4*i + 3*u = i - 10. Suppose -h = 7 - 5. List the prime factors of h + (3*i)/3.
3
Let i(u) = u - 5. Let a be i(8). Let h(k) = -2*k**2 + 4*k - 3. Let c be h(2). What are the prime factors of 7 + 2/c*a?
5
Let a = -10 + 27. List the prime factors of a.
17
Let p = -34 - -49. What are the prime factors of p?
3, 5
Suppose 3*t = 4*s - 89, 0*s + 2*t + 46 = 2*s. Suppose -22 - s = -2*n. What are the prime factors of n?
3, 7
Let o(s) = -s**3 - 5*s**2 + 4*s + 7. Suppose 0 = l - 4. Suppose 0 = 4*p - 4*n + 32, 4 + l = 4*n. What are the prime factors of o(p)?
19
Suppose 3*f = 218 - 35. Suppose f = 5*q - 24. List the prime factors of q.
17
Suppose -2*m = 2*k - 14, -m + 12 = 3*m. Suppose 0 = 2*s - u - 37, u - 83 = -k*s - 18. What are the prime factors of s?
17
Let o = 16 - -12. List the prime factors of o.
2, 7
Suppose 5*z - 1177 = 353. What are the prime factors of z?
2, 3, 17
Suppose -d - 9*d + 1190 = 0. What are the prime factors of d?
7, 17
Let r = -11 - -13. What are the prime factors of r?
2
Let b(w) = -w**2 + 11*w - 10. Suppose -2*s + 9 = -5*s, 2*s = -5*x + 29. Let z be b(x). Suppose -t - 5*o = z, 0 = 5*t + 3*o - 1 + 3. List the prime factors of t.
2
Let y(h) = -5*h + 38. What are the prime factors of y(-8)?
2, 3, 13
Suppose -71 - 29 = -5*c. What are the prime factors of c?
2, 5
Let f be (0 - 3/(-3)) + 7. Suppose 0 = -4*y + 4*d + 76 + f, 106 = 5*y - 4*d. What are the prime factors of y?
2, 11
Let g(x) = -x + 8. Let f be g(8). Suppose f = l - 9 + 2. What are the prime factors of l?
7
Suppose -n = 2*n + 12. Let g = -2 - n. List the prime factors of g.
2
Suppose -j = 5*z - 97, 4*z - 75 = z + 5*j. What are the prime factors of z?
2, 5
Suppose 3*q - 2*x - 208 = q, 0 = -2*x + 10. Let l be (-1)/4 - q/(-4). What are the prime factors of -2*(l/(-6) - -1)?
7
Let c(l) = l**3 - 5*l**2 - 5*l - 5. Let a be c(6). Let v = 6 + 0. Suppose x + i = v, a = i + 6. What are the prime factors of x?
11
Let x = -43 + 46. List the prime factors of x.
3
Suppose 265 = 5*r - 5*t, 5*r - r + t - 202 = 0. What are the prime factors of r?
3, 17
Suppose 20 = 4*k + 4*m, -k = -2*k + 4*m - 10. Suppose k*w - 32 = -2*w. List the prime factors of w.
2
Let d = 47 + -46. Let m = 17 + 4. Suppose -4*s + m = d. List the prime factors of s.
5
Let w(i) = 5 + 5*i - 3*i + 0*i. What are the prime factors of w(12)?
29
Let j(i) = -13*i - 3. Let f be j(3). Let a = 70 + f. Suppose -37 = -5*m + a. List the prime factors of m.
13
Let n = -21 - -44. List the prime factors of n.
23
Let x = -5 + 20. Suppose 5*f - 4*f = x. What are the prime factors of f?
3, 5
Let k be 3/((-3)/3) - -5. Let r(m) = 2*m**2 - 2*m + 2. What are the prime factors of r(k)?
2, 3
Let y(n) = -5*n**3 + 4*n**2 - n + 4. Let i(p) = p**3 + p**2 - 1. Let k(d) = 6*i(d) + y(d). Let a = 2 - 12. What are the prime factors of k(a)?
2
Let x = -5 - -10. Suppose h + 48 = x*h. What are the prime factors of h?
2, 3
Suppose -4*o = -2*v - 18, 5*v - 5 - 4 = o. Suppose o = 5*d - 9. Suppose 0 = -q + 8 + d. List the prime factors of q.
11
Suppose -6 = -2*w + 22. Let s = 24 - w. What are the prime factors of s?
2, 5
Let y be ((-23 + -2)*-1)/1. Let s = -17 + y. List the prime factors of s.
2
Let s be ((-20)/(-35))/((-4)/(-14)). Suppose s = k - 1. What are the prime factors of 4 + (k - (3 - -1))?
3
Suppose 3*x - 483 - 464 = -4*d, 0 = -3*d - 2*x + 709. What are the prime factors of d?
233
Suppose u - 6*u = -40. Suppose 2*v + 12 - 2 = 0. Let w = u + v. List the prime factors of w.
3
Suppose 5*i = -2*a - 16, 5*a - 8*i - 30 = -3*i. Suppose o + a*p = -p + 17, -o - 5*p + 25 = 0. Suppose -38 = -o*h - 3. List the prime factors of h.
7
Let o(q) = q**2 - 3*q - 2. List the prime factors of o(-5).
2, 19
Let r(o) = 0*o - 13 + 3*o + 8*o + 0*o - o**2. List the prime factors of r(9).
5
Let w be (1/(-2))/((-3)/30). Let a = -3 + w. What are the prime factors of a?
2
Let m(r) = -6*r**3 + r**2 + 4*r + 7. What are the prime factors of m(-3)?
2, 83
Let v = 2 + 2. Suppose 2*i = -4*c - 12, i = 5*i + 4*c + v. What are the prime factors of 2/i*(-2 + 20)?
3
Let p(y) be the second derivative of -y**4/12 + 2*y**3/3 + 2*y**2 + 3*y. Suppose 0 = -3*f + 5*f - 8. List the prime factors of p(f).
2
Let m be (3*-15)/((-1)/3). Let v = m - 93. What are the prime factors of v?
2, 3, 7
Suppose -5*y + 48 = -3*y. List the prime factors of y.
2, 3
Let t(h) = -h**2 + 4*h - 6. Suppose 0 = -2*u - u + 12. Let f be t(u). List the prime factors of (2/f)/((-1)/21).
7
Let u(y) = -y**3 + 10*y**2 - 9*y + 11. Suppose 5*h + 2 = -2*v, 0*v = 2*v - 5*h - 38. List the prime factors of u(v).
11
What are the prime factors of 472/4 - (1 + -2)*-1?
3, 13
Let r(j) = -j**2 - j - 1. Let i be r(-2). Let f be -3*(-2)/6 - i. Suppose -5*g = -f - 11. List the prime factors of g.
3
Let t = 58 - 15. What are the prime factors of t?
43
Let s = 11 + -8. Let q = -1 + s. List the prime factors of q.
2
Suppose -5*x + 8 = -x - 2*r, 0 = -5*r. List the prime factors of x.
2
Let g(j) = -j**3 + 22*j**2 + 33*j + 6. List the prime factors of g(23).
2, 59
Suppose 344 + 95 = 2*z + 3*u, -4*u = 4*z - 884. List the prime factors of z.
2, 7
Suppose 0 = 4*u - 4*a - 56, a + 0*a = 4*u - 71. List the prime factors of u.
19
Let i = -72 + 22. Let r = 23 + i. What are the prime factors of ((-8)/(-6))/((-6)/r)?
2, 3
Suppose 0 = s + 5 - 80. List the prime factors of s.
3, 5
Suppose -5*h + 50 = -p, -2*h + p + 11 + 9 = 0. Suppose -2*a = 2*o + 3*a - 27, -5*o = a - h. List the prime factors of 4 + 4/(1 + o).
2, 3
Suppose -2*i - b - 17 = -4, 0 = 3*i + b + 18. Let k = 13 - i. What are the prime factors of k?
2, 3
Let n = -8 - -12. Suppose 4*p + 16 = n*c, -6*c + 3*c + 2 = -p. What are the prime factors of 8/(-2)*c*2?
2
Let u(r) = 2*r - 1. Suppose 31 = -5*c + 3*v, 13 = -0*c - c + 4*v. Let b be u(c). What are the prime factors of (-53)/b + 12/66?
5
Let h(g) = -4*g - 6. List the prime factors of h(-5).
2, 7
Let x be (-176)/(-6) - (-1)/(-3). Suppose 20 = 6*y - y. Suppose x = y*u - 15. List the prime factors of u.
11
Let s(i) = 2*i**2 - 8*i. Let y = 16 + -9. Let x be s(y). Suppose -4*c = -7*c + x. List the prime factors of c.
2, 7
Let t be (-10)/35 - (-72)/7. Suppose -50 = -4*k - t. List the prime factors of k.
2, 5
Let i be ((-6)/(-5))/(8/20). Suppose 5 = 2*b - i. List the prime factors of b.
2
What are the prime factors of (0 - -1) + 176/4?
3, 5
Suppose 0 = -q + 2*d - 16 + 117, 0 = -3*q + d + 328. List the prime factors of q.
3, 37
What are the prime factors of 177/21 + 3/(-7)?
2
Let l(u) = -3*u**3 + 7*u**2 - 8*u - 3. Let r(p) = -8*p**3 + 21*p**2 - 23*p - 8. Let v(t) = -11*l(t) + 4*r(t). What are the prime factors of v(-7)?
29
Suppose -j + 5*q + 50 = 0, -j = -4*j - 4*q + 112. List the prime factors of j.
2, 5
Let b(m) = m**3 + 13*m**2 - 18*m + 15. What are the prime factors of b(-14)?
71
What are the prime factors of (-17)/2*(-10 - -8)?
17
Let c be 6/3 + -1 - -5. Suppose 5*a = -10, -z = 2*a + c - 2. Suppose z